mine s(v).
4
Let o(b) be the third derivative of -1/8*b**4 + 0 - 22*b**2 + 0*b + 2/3*b**3. Calculate o(5).
-11
Let a(f) = 3*f - 42. Let s(g) = -2*g + 35. Let v(l) = 5*a(l) + 6*s(l). Determine v(5).
15
Let k = 5 + -3. Let o(z) = -3 - k*z + 0 + 2. Let w(l) = l**2 + 3*l - 3. Let j be w(-2). Determine o(j).
9
Let t(x) = x**2 + x - 2. Let y be t(-2). Suppose 2*w - 2*n - 24 = -2*w, 3*n = y. Let g(k) = k**3 - 6*k**2 - k - 4. What is g(w)?
-10
Let n(h) = -3*h - 75. Let z be 6/30 + (-363)/15. Calculate n(z).
-3
Let k = 1092 + -1086. Let s(r) be the first derivative of 1/4*r**4 - 3*r + 0*r**2 - 5/3*r**3 + k. What is s(5)?
-3
Suppose 22*b - 195 + 63 = 0. Let o(r) = -r**3 - 8*r**2 - 3*r + 7. Let y(n) = -n**3 - n**2 - n. Let j(g) = o(g) - 2*y(g). Give j(b).
1
Let r(p) = -p**3 + p**2 + p - 1. Let j be r(2). Let l(b) = -32*b**2 + 15*b**2 - 2 - 4*b + 15*b**2. Give l(j).
-8
Let o(v) = -v - 3*v - 4*v + v. Let s(r) = r + 6. Let p be s(-5). What is o(p)?
-7
Let c(k) = -k**3 - k**2 - k + 3. Let m be c(0). Let b(t) = 0*t**2 + 3 - m*t - 2*t**2 + 0*t**2. Let p = -1205 - -1202. Give b(p).
-6
Let q(a) be the second derivative of -11*a**3/6 + a - 2. Let k = -4 - -3. What is q(k)?
11
Let k(d) = -d + 6. Let j be k(0). Suppose 4 = 2*z + 2*n, -n + 2 = 4*z - j. Suppose z*m - 12 = -0*m. Let x(w) = w + 6. Give x(m).
12
Let u(s) be the second derivative of -s**3/2 + 18*s**2 - 228*s. Give u(9).
9
Let t(m) = m**3 + 2*m**2 - 3*m + 3. Let b be t(-3). Suppose 0 = a - 9 + b. Let o(u) = u**3 - 7*u**2 + 7*u - 1. What is o(a)?
5
Suppose -h - 3 = -4*k + 2*h, 0 = -2*k + 2*h. Let j(z) = 392 + 3*z - 198 - 197. Calculate j(k).
6
Let x(u) = -4873*u + 15 + 2439*u + 2431*u. Determine x(-7).
36
Let d(h) = h + 10. Suppose 2*o - 2*u + 14 = -2*o, -2*u + 12 = -2*o. Let z(v) = 0 + 1 + 0. Let f(y) = o*d(y) + 6*z(y). Give f(6).
-10
Suppose -r + 82 = -3*n, 0*n + 199 = 2*r + n. Let l = -89 + r. Let d(i) = i**3 - 8*i**2 + i + 6. What is d(l)?
14
Let h(k) be the second derivative of -k**5/20 - k**4 - k**3/6 + 2*k**2 + 61*k - 2. Give h(-12).
16
Let a(d) = -10*d**2 - 16*d + 17. Let y = -16 + 9. Let x(g) = -3*g**2 - 5*g + 6. Let v(o) = y*x(o) + 2*a(o). Calculate v(-6).
10
Let d(i) be the third derivative of i**4/24 - 2*i**3 - 46*i**2. Determine d(7).
-5
Let l be 11 + 0 - (-8 + 7). Let h = l + -9. Let s(m) = -1 + m + 2*m - m**h - m + m**2. Give s(2).
-1
Let x(j) = 2 - j**3 - 2*j + 8*j**2 - j**2 + 5*j. Let q = -5043 - -5050. Determine x(q).
23
Let x(o) = 40*o - 159. Let u be x(4). Let h(m) = -17*m + 5. What is h(u)?
-12
Suppose 20 = -2*v - 3*v. Let i(d) = d**3 + 3*d**2 - 5*d. Let a be i(v). Let r(g) = 0 + 1 - a*g + 3*g. Give r(3).
-2
Let x(r) = -68*r + 215*r - 68*r - 72*r + 9. Calculate x(-2).
-5
Suppose q + 8 = -3*m, 2*q - 1 = 2*m - 9. Let b(f) = 7*f**2 - 6*f - 6. Let s(u) = -6*u**2 + 5*u + 5. Let v(h) = 4*b(h) + 5*s(h). What is v(m)?
-2
Let m(x) = -x + 2. Let n(f) = f**2 + 10*f - 11. Let r(a) = -2*m(a) - n(a). Determine r(-9).
-2
Let y be (-2)/(((-176)/(-56))/11). Let i(q) = -q**3 - 8*q**2 - 10*q - 17. Determine i(y).
4
Let x(f) = 4*f + 5*f**2 - 8 - 8*f + 2*f**3 - f**3. Determine x(-6).
-20
Suppose -3*z + 34 + 257 = 0. Let v(r) = 7*r + 96 - z - r**2 - 8*r. What is v(2)?
-7
Let y(u) = 8 + 2*u - 6 + 0*u + 2*u**2. Let j(m) = m - 1. Let w be j(2). Suppose p - w = -3. What is y(p)?
6
Let o be (-58)/(-8) - (-525)/300. Let m(z) = -4*z + 1. Determine m(o).
-35
Let l(k) be the second derivative of -k**5/20 + k**4/12 + k**3 - 3*k**2 - 3*k - 21. What is l(4)?
-30
Let h = 7 - -15. Suppose -5*l - h - 12 = 2*k, 4*k + 16 = 3*l. Let u(q) = -q**2 - 6*q + 7. What is u(k)?
0
Let j(a) = 2*a**3 - a**2. Let w = 11 - 9. Suppose 11 = -w*q + 3*o, -q - 5*o + 19 = 5. Let i(t) = -t**3 - t + 1. Let k(r) = q*j(r) - i(r). What is k(2)?
-3
Let q(t) = t**2 - 2*t - 3. Let r = 98 + -103. Let x(d) = -2*d - 2. Let j(o) = r*x(o) + 4*q(o). What is j(-2)?
10
Suppose -n + 4*b - 13 = 0, 2*n + 3*b = 4*n + 21. Let f(u) = -4*u + 17. Let g(k) = 9*k - 35. Let o(s) = 13*f(s) + 6*g(s). What is o(n)?
-7
Let c(r) be the first derivative of -8*r**3/3 + r**2 + 2*r - 396. Calculate c(-2).
-34
Let j(s) = -s**3 - 24*s**2 - 22*s + 19. Suppose -230 = 16*v + 138. Calculate j(v).
-4
Let o(i) = 3*i - 1. Let r(z) = z**2 + 16*z + 18. Let k be (9/6)/(1/2). Suppose 0 = 3*n - 15, 5*j + k*n = -n - 55. Let v be r(j). Give o(v).
8
Let x = 134 + 23. Let n(h) = -2 - h + 154*h**2 - x*h**2 - 2*h. Give n(-2).
-8
Let f = -2 + 1. Let o(u) be the first derivative of 13/2*u**2 - 18 + u. What is o(f)?
-12
Let a(h) = -320*h - h**2 - 2*h**2 + 312*h + 2*h**2 - 7. Give a(-7).
0
Suppose 0 = -4*f + f + 3. Let v(u) = 7*u - 6*u + f + 0. Suppose -3*n - 3 = c, 5*c - 34 = -3*n - 37. Determine v(n).
0
Let h(g) be the first derivative of -g**3/3 - 3*g**2/2 - g - 71. Let l = -17 + 12. What is h(l)?
-11
Let c(f) = f. Suppose -8*g - 50 = -18*g. Let p(h) be the second derivative of 4*h**3/3 - 3*h**2 + 3*h. Let y(t) = g*c(t) - p(t). Calculate y(4).
-6
Suppose -a + y = 2, -a - y = 2*a - 2. Let o = 5 + 19. Let m(r) = 8 - r**3 + a*r + 8*r - 29*r**2 - 2 + o*r**2. Give m(-6).
-6
Let x(z) = 10*z**3 - 18*z**2 - 24*z - 30. Let k(u) = -7*u**3 + 12*u**2 + 15*u + 20. Let f(c) = 7*k(c) + 5*x(c). Give f(8).
-2
Let v(z) = -2*z - 32. Suppose 0 = -84*f + 90*f + 96. Give v(f).
0
Let w(s) = -6*s - 1. Suppose 0 = -138*y + 131*y + 14. What is w(y)?
-13
Suppose -8*g + 26 = 5*g. Let b(k) = 35*k + 8 - 19*k + 2*k**2 - 7*k - k**g. What is b(-9)?
8
Let t(p) = -6*p - 54. Let d(i) = -i - 11. Let b(s) = -5*s + 34. Let h be b(9). Let l(n) = h*d(n) + 2*t(n). What is l(6)?
7
Let h(u) be the third derivative of u**4/8 + u**2. Suppose 0 = -5*p - 10, -p - 11 = a + 4*p. Calculate h(a).
-3
Suppose 13*p = 8*p + 15. Let u(k) = 4*k - 16*k**p + 7 - 11*k**3 + 28*k**3 + 5*k**2. Calculate u(-5).
-13
Suppose -35*q = -18*q + 238. Let t(m) = 4*m + 62. Calculate t(q).
6
Let a(q) = q**2 + 16*q - 35. Let w(k) = 2*k**2 + 19*k - 41. Let y(f) = 7*a(f) - 6*w(f). Let b be 4/(-14) - 18/(-14). Calculate y(b).
-6
Let w(k) = 3 - k**3 + 106*k**2 + 4 - 110*k**2 + 5 + 5*k. What is w(-5)?
12
Let t(o) = -o**2 - 6*o - 3. Let r = 2 + 0. Suppose -8*a = 62 + 18. Let l be 2 + (-2 + a)/r. What is t(l)?
5
Let g be (-3 - 7) + 72/4. Let k(z) = z**2 - 6*z - 23. Calculate k(g).
-7
Let d = -16 + 16. Suppose -4*f - 2*t = -46, -4*f - 4*t = -d*t - 52. Let n(j) = -2*j + j - 9 + f. Give n(-2).
3
Let m(l) = -37*l - 4*l**2 - 5 - 2*l**2 + 40*l + l**3. Give m(6).
13
Let v = -13 - -5. Let q(d) = -2*d - 9. Let b be q(v). Suppose 5*t = -3*k - b, 3 = -4*t - 3*k - 2. Let c(u) = 2*u - 2. Give c(t).
-6
Let d(w) = -w**3 - 6*w**2 - 10*w - 7. Let b be d(-5). Let c(u) = 3 - 4 + 33*u - 12*u - b*u. Give c(3).
8
Let g(r) be the first derivative of r**2/2 - 2*r + 60. Determine g(-6).
-8
Let p(m) = 1 + 5*m + m**2 - 3*m - 2*m**3 + 8*m**3. Suppose -k + 2 = -r, 5*r - 4*k = -k - 8. Give p(r).
-6
Let y(s) be the first derivative of 15*s**2/2 + 10*s + 227. Calculate y(-2).
-20
Let j(i) be the third derivative of -i**6/60 + i**5/12 + i**4/6 - i**3/3 - 5*i**2 - 9*i. Calculate j(4).
-34
Let s = -134 + 130. Let o(l) = 2 - 19*l - 4 + 1 - 2*l**2. Let g(x) = x**2 + 9*x. Let r(u) = s*o(u) - 9*g(u). What is r(-6)?
-2
Let d be 6 - ((-22)/2 - -7). Let c(h) = -h + 16. What is c(d)?
6
Let d = -484 + 487. Let k(b) be the third derivative of -1/24*b**4 + 0 + 0*b + b**2 - 1/2*b**d. Calculate k(-5).
2
Let h(l) = l**3 - 9*l**2 + 5*l + 17. Let q be (-26)/(-65) - ((-86)/10 + 1). Let u be h(q). Let s(x) = x**2 + 5*x - 3. Give s(u).
11
Suppose -111 + 41 = 7*k. Let c be (2*-3)/((-6)/(-4)). Let n = k - c. Let g(r) = -r**2 - 6*r - 5. Calculate g(n).
-5
Let y = 32 + -27. Suppose 3 = -n - 2*l, 0 = -n + y*l - 5 + 16. Let v(u) = -6*u + n + 0*u + 6*u - u. Determine v(4).
-3
Let r(m) = -6 - 2*m**2 - 1587*m**3 + 0*m**2 + 5*m**2 + 6*m + 1586*m**3. Calculate r(4).
2
Let a(r) = -6*r - 13. Let u(f) = -5*f - 13. Let n be 18/(-4) + 1/(5 + -3). Let p(x) = n*a(x) + 5*u(x). Determine p(0).
-13
Let n(s) = 5 - 2 - 2*s - 1. Suppose -y = y - 8. Suppose y = 3*f - 4*a + 11, -3*f = a - 13. Give n(f).
-4
Let k(i) = -1. Let a(w) = w + 3. Let g(f) = a(f) + 6*k(f). Calculate g(2).
-1
Let i = 133 + -132. Suppose -f = 4 - i. Let c(t) = 4*t**2 + t - 1. Let w(n) = -23*n**2 - 6*n + 6. Let d(q) = 34*c(q) + 6*w(q). Determine d(f).
-10
Let q(y) = -3 + 5 + 0*y - y